lculate the remainder when 958 is divided by 22.
12
What is the remainder when 1491 is divided by 1445?
46
What is the remainder when 3918 is divided by 109?
103
What is the remainder when 899 is divided by 26?
15
What is the remainder when 1212 is divided by 36?
24
What is the remainder when 78 is divided by 28?
22
Calculate the remainder when 100 is divided by 17.
15
What is the remainder when 82 is divided by 25?
7
Calculate the remainder when 2785 is divided by 43.
33
Calculate the remainder when 663 is divided by 641.
22
Calculate the remainder when 212 is divided by 178.
34
What is the remainder when 379 is divided by 20?
19
Calculate the remainder when 650 is divided by 59.
1
Calculate the remainder when 2362 is divided by 34.
16
What is the remainder when 1366 is divided by 114?
112
Calculate the remainder when 269 is divided by 15.
14
What is the remainder when 59 is divided by 30?
29
Calculate the remainder when 117 is divided by 18.
9
Calculate the remainder when 42 is divided by 4.
2
What is the remainder when 732 is divided by 32?
28
Calculate the remainder when 62 is divided by 26.
10
Calculate the remainder when 141 is divided by 39.
24
Calculate the remainder when 309 is divided by 45.
39
What is the remainder when 1207 is divided by 10?
7
Calculate the remainder when 161 is divided by 86.
75
What is the remainder when 2277 is divided by 76?
73
Calculate the remainder when 615 is divided by 108.
75
Calculate the remainder when 373 is divided by 11.
10
What is the remainder when 117 is divided by 8?
5
Calculate the remainder when 57 is divided by 4.
1
Calculate the remainder when 1131 is divided by 21.
18
What is the remainder when 2408 is divided by 301?
0
Calculate the remainder when 5839 is divided by 5.
4
What is the remainder when 4502 is divided by 79?
78
Calculate the remainder when 115 is divided by 59.
56
Calculate the remainder when 450 is divided by 57.
51
What is the remainder when 22 is divided by 12?
10
What is the remainder when 2449 is divided by 204?
1
Calculate the remainder when 62 is divided by 5.
2
Calculate the remainder when 445 is divided by 25.
20
What is the remainder when 379 is divided by 146?
87
Calculate the remainder when 290 is divided by 101.
88
What is the remainder when 368 is divided by 22?
16
Calculate the remainder when 514 is divided by 254.
6
What is the remainder when 72 is divided by 35?
2
Calculate the remainder when 1187 is divided by 35.
32
What is the remainder when 961 is divided by 107?
105
What is the remainder when 810 is divided by 92?
74
What is the remainder when 598 is divided by 43?
39
Calculate the remainder when 8973 is divided by 47.
43
What is the remainder when 171 is divided by 61?
49
Calculate the remainder when 14088 is divided by 16.
8
What is the remainder when 1041 is divided by 7?
5
Calculate the remainder when 66 is divided by 19.
9
What is the remainder when 932 is divided by 42?
8
Calculate the remainder when 139 is divided by 71.
68
Calculate the remainder when 222 is divided by 19.
13
What is the remainder when 56 is divided by 30?
26
Calculate the remainder when 170 is divided by 27.
8
Calculate the remainder when 197 is divided by 6.
5
What is the remainder when 584 is divided by 34?
6
What is the remainder when 2538 is divided by 77?
74
What is the remainder when 249 is divided by 50?
49
Calculate the remainder when 21717 is divided by 181.
178
Calculate the remainder when 373 is divided by 132.
109
Calculate the remainder when 1508 is divided by 17.
12
What is the remainder when 68 is divided by 62?
6
Calculate the remainder when 402 is divided by 14.
10
Calculate the remainder when 57 is divided by 31.
26
Calculate the remainder when 1832 is divided by 154.
138
Calculate the remainder when 1005 is divided by 18.
15
Calculate the remainder when 38 is divided by 6.
2
What is the remainder when 133 is divided by 42?
7
Calculate the remainder when 3097 is divided by 100.
97
What is the remainder when 2312 is divided by 231?
2
What is the remainder when 60 is divided by 30?
0
Calculate the remainder when 2402 is divided by 134.
124
What is the remainder when 259 is divided by 89?
81
Calculate the remainder when 237 is divided by 20.
17
Calculate the remainder when 238 is divided by 56.
14
Calculate the remainder when 1006 is divided by 200.
6
Calculate the remainder when 688 is divided by 231.
226
Calculate the remainder when 68 is divided by 37.
31
What is the remainder when 476 is divided by 40?
36
What is the remainder when 190 is divided by 11?
3
What is the remainder when 329 is divided by 102?
23
Calculate the remainder when 9402 is divided by 196.
190
What is the remainder when 788 is divided by 12?
8
What is the remainder when 431 is divided by 31?
28
What is the remainder when 1103 is divided by 111?
104
What is the remainder when 3227 is divided by 38?
35
Calculate the remainder when 78 is divided by 36.
6
Calculate the remainder when 305 is divided by 93.
26
What is the remainder when 83 is divided by 42?
41
What is the remainder when 87 is divided by 27?
6
Calculate the remainder when 638 is divided by 64.
62
What is the remainder when 51 is divided by 19?
13
What is the remainder when 219 is divided by 2?
1
Calculate the remainder when 1408 is divided by 61.
5
What is the remainder when 61 is divided by 44?
17
Calculate the remainder when 217 is divided by 37.
32
Calculate the remainder when 1285 is divided by 66.
31
What is the remainder when 1082 is divided by 390?
302
Calculate the remainder when 626 is divided by 205.
11
What is the remainder when 2032 is divided by 424?
336
Calculate the remainder when 169 is divided by 44.
37
What is the remainder when 4617 is divided by 60?
57
What is the remainder when 908 is divided by 26?
24
Calculate the remainder when 4160 is divided by 181.
178
What is the remainder when 11 is divided by 3?
2
Calculate the remainder when 188 is divided by 64.
60
Calculate the remainder when 197 is divided by 61.
14
Calculate the remainder when 557 is divided by 268.
21
Calculate the remainder when 50 is divided by 20.
10
What is the remainder when 185 is divided by 17?
15
Calculate the remainder when 2231 is divided by 62.
61
Calculate the remainder when 1200 is divided by 86.
82
Calculate the remainder when 524 is divided by 113.
72
Calculate the remainder when 11 is divided by 6.
5
Calculate the remainder when 1769 is divided by 77.
75
Calculate the remainder when 317 is divided by 87.
56
What is the remainder when 334 is divided by 50?
34
What is the remainder when 275 is divided by 8?
3
Calculate the remainder when 8504 is divided by 81.
80
Calculate the remainder when 1183 is divided by 207.
148
Calculate the remainder when 94 is divided by 49.
45
What is the remainder when 1139 is divided by 14?
5
Calculate the remainder when 18 is divided by 6.
0
Calculate the remainder when 1825 is divided by 605.
10
Calculate the remainder when 139 is divided by 48.
43
What is the remainder when 88 is divided by 26?
10
Calculate the remainder when 166 is divided by 17.
13
Calculate the remainder when 935 is divided by 67.
64
What is the remainder when 47 is divided by 27?
20
What is the remainder when 26 is divided by 10?
6
Calculate the remainder when 265 is divided by 26.
5
Calculate the remainder when 152 is divided by 39.
35
Calculate the remainder when 289 is divided by 69.
13
Calculate the remainder when 197 is divided by 75.
47
Calculate the remainder when 1800 is divided by 1773.
27
Calculate the remainder when 403 is divided by 60.
43
What is the remainder when 11985 is divided by 3994?
3
Calculate the remainder when 281 is divided by 29.
20
What is the remainder when 41 is divided by 37?
4
What is the remainder when 97 is divided by 65?
32
Calculate the remainder when 678 is divided by 14.
6
Calculate the remainder when 109 is divided by 14.
11
What is the remainder when 1284 is divided by 83?
39
Calculate the remainder when 102 is divided by 8.
6
What is the remainder when 1191 is divided by 32?
7
What is the remainder when 2546 is divided by 34?
30
What is the remainder when 347 is divided by 194?
153
What is the remainder when 127 is divided by 14?
1
Calculate the remainder when 384 is divided by 209.
175
